{"id":1117,"date":"2023-10-27T10:21:44","date_gmt":"2023-10-27T10:21:44","guid":{"rendered":"https:\/\/wp.mittelschule-regenstauf.de\/?page_id=1117"},"modified":"2025-04-02T11:07:10","modified_gmt":"2025-04-02T11:07:10","slug":"stellenangebote-und-weiterfuehrende-links","status":"publish","type":"page","link":"https:\/\/mittelschule-regenstauf.de\/?page_id=1117","title":{"rendered":"Stellenangebote und weiterf\u00fchrende Links"},"content":{"rendered":"\t\t<div data-elementor-type=\"wp-page\" data-elementor-id=\"1117\" class=\"elementor elementor-1117\">\n\t\t\t\t<div class=\"elementor-element elementor-element-58df940 e-flex e-con-boxed e-con e-parent\" data-id=\"58df940\" data-element_type=\"container\" data-e-type=\"container\">\n\t\t\t\t\t<div class=\"e-con-inner\">\n\t\t\t\t<div class=\"elementor-element elementor-element-9235ee4 elementor-widget elementor-widget-heading\" data-id=\"9235ee4\" data-element_type=\"widget\" data-e-type=\"widget\" data-widget_type=\"heading.default\">\n\t\t\t\t<div class=\"elementor-widget-container\">\n\t\t\t\t\t<h2 class=\"elementor-heading-title elementor-size-large\">Stellenangebote und weiterf\u00fchrende Links<\/h2>\t\t\t\t<\/div>\n\t\t\t\t<\/div>\n\t\t\t\t\t<\/div>\n\t\t\t\t<\/div>\n\t\t<div class=\"elementor-element elementor-element-907e113 e-flex e-con-boxed e-con e-parent\" data-id=\"907e113\" data-element_type=\"container\" data-e-type=\"container\">\n\t\t\t\t\t<div class=\"e-con-inner\">\n\t\t\t\t<div class=\"elementor-element elementor-element-4da3633 elementor-widget-divider--view-line elementor-widget elementor-widget-divider\" data-id=\"4da3633\" data-element_type=\"widget\" data-e-type=\"widget\" data-widget_type=\"divider.default\">\n\t\t\t\t<div class=\"elementor-widget-container\">\n\t\t\t\t\t\t\t<div class=\"elementor-divider\">\n\t\t\t<span class=\"elementor-divider-separator\">\n\t\t\t\t\t\t<\/span>\n\t\t<\/div>\n\t\t\t\t\t\t<\/div>\n\t\t\t\t<\/div>\n\t\t\t\t\t<\/div>\n\t\t\t\t<\/div>\n\t\t<div class=\"elementor-element elementor-element-d2c0262 e-flex e-con-boxed e-con e-parent\" data-id=\"d2c0262\" data-element_type=\"container\" data-e-type=\"container\">\n\t\t\t\t\t<div class=\"e-con-inner\">\n\t\t\t\t<div class=\"elementor-element elementor-element-7e21dce elementor-widget elementor-widget-heading\" data-id=\"7e21dce\" data-element_type=\"widget\" data-e-type=\"widget\" data-widget_type=\"heading.default\">\n\t\t\t\t<div class=\"elementor-widget-container\">\n\t\t\t\t\t<h2 class=\"elementor-heading-title elementor-size-large\">UNSER JOBPOINT <\/h2>\t\t\t\t<\/div>\n\t\t\t\t<\/div>\n\t\t\t\t\t<\/div>\n\t\t\t\t<\/div>\n\t\t<div class=\"elementor-element elementor-element-26eb168 e-flex e-con-boxed e-con e-parent\" data-id=\"26eb168\" data-element_type=\"container\" data-e-type=\"container\">\n\t\t\t\t\t<div class=\"e-con-inner\">\n\t\t<div class=\"elementor-element elementor-element-16210db e-con-full e-flex e-con e-child\" data-id=\"16210db\" data-element_type=\"container\" data-e-type=\"container\">\n\t\t\t\t<div class=\"elementor-element elementor-element-d274291 elementor-widget elementor-widget-text-editor\" data-id=\"d274291\" data-element_type=\"widget\" data-e-type=\"widget\" data-widget_type=\"text-editor.default\">\n\t\t\t\t<div class=\"elementor-widget-container\">\n\t\t\t\t\t\t\t\t\t<p>Was macht man eigentlich genau als Medizinische Fachangestellte?<\/p>\n<p>Wie gestalten sich die Arbeitszeiten als Koch?<\/p>\n<p>Wie viel Ausbildungsgehalt bekomme ich als KFZ-Mechatroniker?<\/p>\n<p>Diese und andere Fragen beantwortet ab diesem Schuljahr unser Jobpoint. Gut sichtbar und stets erreichbar finden sich dort zus\u00e4tzlich auch Flyer und Ausbildungsangebote regionaler Betriebe. F\u00fcr vertiefte Beratung und die Beantwortung offener Fragen stehen den Sch\u00fclerinnen und Sch\u00fclern zudem stets unsere Lehrkr\u00e4fte der Berufsoerientierung Frau Amann und Frau Bausch sowie die Berufsberaterin Frau Theisinger zur Verf\u00fcgung.&nbsp;<\/p>\t\t\t\t\t\t\t\t<\/div>\n\t\t\t\t<\/div>\n\t\t\t\t<\/div>\n\t\t<div class=\"elementor-element elementor-element-3445cc0 e-con-full e-flex e-con e-child\" data-id=\"3445cc0\" data-element_type=\"container\" data-e-type=\"container\">\n\t\t\t\t<div class=\"elementor-element elementor-element-c80557d elementor-widget__width-initial elementor-widget-tablet__width-initial elementor-widget elementor-widget-image\" data-id=\"c80557d\" data-element_type=\"widget\" data-e-type=\"widget\" data-widget_type=\"image.default\">\n\t\t\t\t<div class=\"elementor-widget-container\">\n\t\t\t\t\t\t\t\t\t\t\t\t\t\t\t<img decoding=\"async\" src=\"https:\/\/mittelschule-regenstauf.de\/wp-content\/uploads\/2024\/01\/IMG_6379-scaled.jpg\" title=\"IMG_6379\" alt=\"IMG_6379\" loading=\"lazy\" \/>\t\t\t\t\t\t\t\t\t\t\t\t\t\t\t<\/div>\n\t\t\t\t<\/div>\n\t\t\t\t<\/div>\n\t\t\t\t\t<\/div>\n\t\t\t\t<\/div>\n\t\t<div class=\"elementor-element elementor-element-de088cc e-flex e-con-boxed e-con e-parent\" data-id=\"de088cc\" data-element_type=\"container\" data-e-type=\"container\">\n\t\t\t\t\t<div class=\"e-con-inner\">\n\t\t\t\t<div class=\"elementor-element elementor-element-f48b711 elementor-widget elementor-widget-heading\" data-id=\"f48b711\" data-element_type=\"widget\" data-e-type=\"widget\" data-widget_type=\"heading.default\">\n\t\t\t\t<div class=\"elementor-widget-container\">\n\t\t\t\t\t<h2 class=\"elementor-heading-title elementor-size-large\">Links zu offenen Stellenangeboten<\/h2>\t\t\t\t<\/div>\n\t\t\t\t<\/div>\n\t\t\t\t\t<\/div>\n\t\t\t\t<\/div>\n\t\t<div class=\"elementor-element elementor-element-2ec6fac e-flex e-con-boxed e-con e-parent\" data-id=\"2ec6fac\" data-element_type=\"container\" data-e-type=\"container\">\n\t\t\t\t\t<div class=\"e-con-inner\">\n\t\t\t\t<div class=\"elementor-element elementor-element-59835bb elementor-widget__width-initial elementor-widget-tablet__width-initial elementor-widget elementor-widget-text-editor\" data-id=\"59835bb\" data-element_type=\"widget\" data-e-type=\"widget\" data-widget_type=\"text-editor.default\">\n\t\t\t\t<div class=\"elementor-widget-container\">\n\t\t\t\t\t\t\t\t\t<p>Die Mittelschule am Schlossberg Regenstauf kooperiert mit einer Vielzahl an regionalen Betrieben und Firmen und ver\u00f6ffentlicht auf der Website <strong>Links zu jenen Unternehmen, die zuk\u00fcnftige Auszubildende unter unseren Sch\u00fclerinnen und Sch\u00fclern suchen.<\/strong>\u00a0<\/p><p>Die Liste der Unternehmen inklusive der auf die Stellenangebote verweisenden Links werden von uns <strong>monatlich<\/strong> aktualisiert. Wir weisen darauf hin, dass es daher vorkommen kann, dass einzelne Links nicht mehr zielf\u00fchrend sind bzw. manche Ausbildungsangebote eventuell bereits mit einer ausreichenden Anzahl an Bewerberinnen und Bewerbern gedeckt sind.\u00a0<\/p><p><strong>Fahrner Bauunternehmung GMBH<\/strong>:\u00a0<\/p><p><a href=\"https:\/\/www.fahrnerbau.de\/karriere\/ausbildung\">https:\/\/www.fahrnerbau.de\/karriere\/ausbildung<\/a><\/p><p><strong>Tesla:<\/strong>\u00a0<\/p><p><a href=\"http:\/\/www.teslaautomation.de\/ausbildung\">http:\/\/www.teslaautomation.de\/ausbildung<\/a><\/p><p><strong>Stadt Regensburg:<\/strong>\u00a0<\/p><p><a href=\"http:\/\/www.regensburg.de\/ausbildung\">http:\/\/www.regensburg.de\/ausbildung<\/a><\/p><p><strong>BayWa (Gro\u00df- und Au\u00dfenhandelskauffrau\/mann 09\/2024):<\/strong>\u00a0<\/p><p><a href=\"https:\/\/smrtr.io\/gy5FR\">https:\/\/smrtr.io\/gy5FR<\/a><\/p><p><strong>Diagnostisches Radiologiezentrum Regensburg:\u00a0\u00a0<\/strong><\/p><p><a href=\"https:\/\/www.drz.bayern\/de\/aktuelles\/stellenanzeigen\/ausbildung\">https:\/\/www.drz.bayern\/de\/aktuelles\/stellenanzeigen\/ausbildung\u00a0<\/a><\/p><p><strong>Praxis f\u00fcr Zahnheilkunde und Implantologie Dr. Jonas Lehner\u00a0<\/strong><\/p><p><a href=\"https:\/\/www.dr-lehner-regenstauf.de\/karriere\/\">https:\/\/www.dr-lehner-regenstauf.de\/karriere\/<\/a><\/p><p><strong>Universit\u00e4t Regensburg (Tierpfleger\/in f\u00fcr Forschung und Klinik)\u00a0<\/strong><\/p><p><a href=\"https:\/\/www.uni-regensburg.de\/universitaet\/berufsausbildung-ur\/freie-ausbildungsplaetze\/index.html\">https:\/\/www.uni-regensburg.de\/universitaet\/berufsausbildung-ur\/freie-ausbildungsplaetze\/index.html<\/a><\/p><p><strong>Links zu Plattformen\u00a0\u00a0<\/strong><\/p><p><a href=\"https:\/\/www.oabat.de\/\">https:\/\/www.oabat.de\/<\/a><\/p><p><a href=\"https:\/\/jobmesh.de\/\">https:\/\/jobmesh.de\/<\/a><\/p>\t\t\t\t\t\t\t\t<\/div>\n\t\t\t\t<\/div>\n\t\t\t\t\t<\/div>\n\t\t\t\t<\/div>\n\t\t\t\t<\/div>\n\t\t","protected":false},"excerpt":{"rendered":"<p>Stellenangebote und weiterf\u00fchrende Links UNSER JOBPOINT Was macht man eigentlich genau als Medizinische Fachangestellte? Wie gestalten sich die Arbeitszeiten als Koch? Wie viel Ausbildungsgehalt bekomme ich als KFZ-Mechatroniker? Diese und andere Fragen beantwortet ab diesem Schuljahr unser Jobpoint. Gut sichtbar und stets erreichbar finden sich dort zus\u00e4tzlich auch Flyer und Ausbildungsangebote regionaler Betriebe. F\u00fcr vertiefte&hellip;&nbsp;<a href=\"https:\/\/mittelschule-regenstauf.de\/?page_id=1117\" rel=\"bookmark\">Weiterlesen &raquo;<span class=\"screen-reader-text\">Stellenangebote und weiterf\u00fchrende Links<\/span><\/a><\/p>\n","protected":false},"author":1,"featured_media":0,"parent":0,"menu_order":0,"comment_status":"closed","ping_status":"closed","template":"page-templates\/template-pagebuilder-full-width.php","meta":{"neve_meta_sidebar":"","neve_meta_container":"","neve_meta_enable_content_width":"off","neve_meta_content_width":100,"neve_meta_title_alignment":"","neve_meta_author_avatar":"","neve_post_elements_order":"","neve_meta_disable_header":"","neve_meta_disable_footer":"","neve_meta_disable_title":"","footnotes":""},"class_list":["post-1117","page","type-page","status-publish","hentry"],"_links":{"self":[{"href":"https:\/\/mittelschule-regenstauf.de\/index.php?rest_route=\/wp\/v2\/pages\/1117","targetHints":{"allow":["GET"]}}],"collection":[{"href":"https:\/\/mittelschule-regenstauf.de\/index.php?rest_route=\/wp\/v2\/pages"}],"about":[{"href":"https:\/\/mittelschule-regenstauf.de\/index.php?rest_route=\/wp\/v2\/types\/page"}],"author":[{"embeddable":true,"href":"https:\/\/mittelschule-regenstauf.de\/index.php?rest_route=\/wp\/v2\/users\/1"}],"replies":[{"embeddable":true,"href":"https:\/\/mittelschule-regenstauf.de\/index.php?rest_route=%2Fwp%2Fv2%2Fcomments&post=1117"}],"version-history":[{"count":82,"href":"https:\/\/mittelschule-regenstauf.de\/index.php?rest_route=\/wp\/v2\/pages\/1117\/revisions"}],"predecessor-version":[{"id":3276,"href":"https:\/\/mittelschule-regenstauf.de\/index.php?rest_route=\/wp\/v2\/pages\/1117\/revisions\/3276"}],"wp:attachment":[{"href":"https:\/\/mittelschule-regenstauf.de\/index.php?rest_route=%2Fwp%2Fv2%2Fmedia&parent=1117"}],"curies":[{"name":"wp","href":"https:\/\/api.w.org\/{rel}","templated":true}]}}